 = a + 18. Calculate the remainder when 38 is divided by a.
3
Let n(u) = 9 - 11*u - 1 - u**2 + 4. What is the remainder when 22 is divided by n(-11)?
10
Let c = -7 - -7. What is the remainder when 23 is divided by -1 + c + 1 - -12?
11
Suppose i - 4*i = 300. Let y = 43 + 7. What is the remainder when y is divided by i/(-6) + 5/15?
16
Suppose 4*r - 2*r = -4. Suppose 4*n - 19 = 3*y, 0*y - 3 = 2*n + y. What is the remainder when n - ((-5 - 1) + r) is divided by 5?
4
Let r be (-2)/8 - 2/(-8). Suppose -x - x + 10 = r. What is the remainder when 13 is divided by x?
3
Suppose 0 = -q + 7*q - 222. What is the remainder when 73 is divided by q?
36
Suppose -72 = -2*b + 20. What is the remainder when b is divided by 4?
2
Let g be 3 - (2 + -3 + 0). Suppose 0 = -5*z - 4*n + 65, -2*z - g*n = -7*z + 65. Suppose -x - 100 = -5*x. Calculate the remainder when x is divided by z.
12
Let j be 1*(-3 + 1 + -1). Let f be 2/(-4) - j/(-6). Let z = f - -3. What is the remainder when 2 is divided by z?
0
Suppose -3*z + 65 = -5*b, z - 4*z - 4*b = -56. Calculate the remainder when z is divided by 8.
4
What is the remainder when (2/(-5))/((-1)/5) is divided by ((-2)/(-8))/((-25)/(-200))?
0
Let q(j) = -j**2 + j - 9. Let f be q(9). Let c = f - -126. What is the remainder when c is divided by 23?
22
Let i = 9 - -8. What is the remainder when (-10)/((-22)/(-26) - (-4 - -5)) is divided by i?
14
Let f be (-2)/(-10) + 1076/20. Suppose 0 = -5*u - 10, 3*i + u - 4*u - f = 0. Calculate the remainder when i is divided by 6.
4
Suppose 52 = -0*a + 4*a. Calculate the remainder when 51 is divided by a.
12
Let d be 6/(2*1/(-2)). Let a(m) be the first derivative of m**3/3 - 3*m**2/2 - 2*m + 1. What is the remainder when a(d) is divided by 18?
16
Suppose n - 3*q + 2*q - 75 = 0, n = -4*q + 100. What is the remainder when n is divided by 41?
39
Suppose -l + 1 = -0*l, -5*l = -3*g + 31. Suppose 3*h - 84 = 54. What is the remainder when h is divided by g?
10
Let v(l) = -6*l + 1 + 2*l - l - l**2. Let n be v(-4). Suppose -14 = -2*j - 3*w + 9, n*j - 26 = 3*w. Calculate the remainder when j is divided by 4.
3
Suppose -2*d + g = d - 207, 0 = d - 3*g - 61. Suppose -3*l + d = -2. What is the remainder when 93 is divided by l?
21
Let o(r) = -r**2 - 19*r + 33. Calculate the remainder when o(-19) is divided by 18.
15
Suppose 35 = 5*s - 15. Suppose 2*g + 4*d = s, 2*d - 4 = -4*g + 28. Calculate the remainder when 33 is divided by g.
6
Let k(m) = m**3 + 7*m**2 + 3*m + 10. Let p be k(-7). Let b(h) = 2*h**2 + 14*h - 14. Let y = 69 + -44. Calculate the remainder when b(p) is divided by y.
24
Suppose 2*x + 91 = 2*a + 15, x - 3*a = -28. Let v = -21 - x. Let i = 39 - v. What is the remainder when i is divided by 6?
5
Suppose -b + 4*o = -2 - 30, -3*b + 3*o + 60 = 0. Suppose -2*h + 114 = 2*q, -2*h + 53 = -h + 2*q. Calculate the remainder when h is divided by b.
13
Let h = 6 + -2. What is the remainder when 25 is divided by 1/1 - h - -16?
12
Let z(b) = -b**2 - 9*b. Let i be z(-9). Suppose -3*u - 2*u = i. Suppose t + u*t = -5*h + 16, 3*t - 4*h = 29. What is the remainder when 21 is divided by t?
10
Let f = 103 - 50. Suppose 2*t - f - 41 = 0. What is the remainder when t is divided by 25?
22
Suppose -4*k - 37 = -5*k + v, 3*k = v + 113. Let r = 82 - 37. Suppose -3*h - h = -3*a - 25, 0 = 2*h + 5*a - r. Calculate the remainder when k is divided by h.
8
Let k(a) = 2*a - 8. Let u be k(7). Suppose 0 = -u*x + 7*x - 10. Calculate the remainder when 18 is divided by x.
8
Suppose -5*f + 2 = -23. Let h = -5 - -10. Suppose h*u = -f*r + 85, -1 = r - 2*r + 3*u. Calculate the remainder when r is divided by 8.
5
Calculate the remainder when 6 is divided by (-5 - -3)*5/(-2).
1
Suppose 7*t + 14 = 8*t. Let q = 4 + 1. Calculate the remainder when t is divided by q.
4
Let a(g) = 5*g**2 + 13*g + 26. What is the remainder when a(-8) is divided by 35?
32
Let x = 11 + -3. Suppose 4*l + 12 = 0, 5*l - 4*l = 4*m - 87. What is the remainder when m is divided by x?
5
Let z(k) = 11*k + 8. Let j(a) = -10*a - 7. Let g(i) = -7*j(i) - 6*z(i). Let u = 10 - 6. Calculate the remainder when 32 is divided by g(u).
15
Let b(w) = -w**2 - 7*w - 1. Let d be b(-6). Calculate the remainder when 18 is divided by -20*(2 - d/2).
8
Suppose 0 = -4*c - 0 + 12. Suppose -2*t + 28 = c*b, t + 5*b - 21 = -0*t. Calculate the remainder when 31 is divided by t.
9
Suppose -b + 94 - 13 = -4*m, 386 = 5*b - m. Let n = 127 - b. Calculate the remainder when n is divided by 17.
16
Let a = -78 - -101. Suppose 2*z = -3*z + 40. Calculate the remainder when a is divided by z.
7
Let k be 354/(-36) - (-2)/(-12). Let v be (24 + k)*(-2)/4. What is the remainder when 4 is divided by -1 - v - 15/5?
1
Suppose -23 = -4*i - 59. Calculate the remainder when (i/27)/((-1)/105) is divided by 12.
11
Let p(w) = w**2 + w + 36. Suppose 2*i - 50 = 4*l, 4*i + 5*l - 15 = 46. What is the remainder when p(0) is divided by i?
17
Suppose -2*b + 46 = 4*z, 0 = -2*z + 4*z - 2*b - 38. Calculate the remainder when z is divided by 5.
4
Let r(h) = -h**3 + 11*h**2 - 5*h + 14. What is the remainder when r(5) is divided by 36?
31
Let f(z) = 13*z. Let y be f(6). Let o = y - 41. What is the remainder when o is divided by 13?
11
Suppose 0 = -5*d - 2*j + 45, -3*j = -5*d + 2*j + 10. Calculate the remainder when 116 is divided by d.
4
Let z = -16 + 31. Suppose -z = -6*s + 3*s. Calculate the remainder when 19 is divided by s.
4
Suppose 0 = -5*m + 4*c + 72, -5*c + 2*c = -3*m + 45. What is the remainder when 131 is divided by m?
11
Let x(b) = -b**2 + 20*b + 8. Calculate the remainder when 11 is divided by x(20).
3
Let h(f) = 2*f - 8. Let v be h(6). Let k = 37 - 11. What is the remainder when k is divided by 165/12 - (-1)/v?
12
Let l = 77 - 37. What is the remainder when l is divided by (-4)/7 - 612/(-42)?
12
Calculate the remainder when 41 is divided by ((-48)/(-72))/(2/33).
8
Let j(z) = -2*z - 5. Let w = -3 + -2. Calculate the remainder when 8 is divided by j(w).
3
Let y = -10 - -38. Let h = -15 + y. Calculate the remainder when 24 is divided by h.
11
Let n be (-4)/6 - 12/(-18). Suppose n = 3*k + k + 72. Let m = k - -32. Calculate the remainder when 26 is divided by m.
12
Let n(s) = s**2 + 14*s + 28. Let t be n(-12). Suppose t*w + 14 - 86 = 0. Calculate the remainder when -1*1*(-51 + -2) is divided by w.
17
Let g(z) = z - 13. Let v(h) = -h - 1. Let a(c) = g(c) + 4*v(c). What is the remainder when a(-12) is divided by 10?
9
Let u(s) = -2*s**3 - s**2 - s - 1. Let c = -74 - -86. Calculate the remainder when u(-3) is divided by c.
11
Let i(o) = o**3 + 7*o**2 - 9*o - 2. Let f(z) = 11*z**2 - z - 1. What is the remainder when f(-1) is divided by i(-8)?
5
Let m = 54 - 51. What is the remainder when 13 is divided by m?
1
Calculate the remainder when (-951)/(-12) + (-1)/4 is divided by 27.
25
Let w = -21 + 28. Let l = 29 - w. Calculate the remainder when l is divided by 8.
6
Let p(h) = -56*h - 1. Suppose o + o + y = 27, -5*o - 4*y + 66 = 0. What is the remainder when p(-1) is divided by o?
13
Let i be (-4*1/(-2))/(-2). Let j be i/(-2) + 15/(-6). Calculate the remainder when 0/(-3) + j + 75 is divided by 25.
23
Let y = 72 - 51. Calculate the remainder when 60 is divided by y.
18
Let g be 5 + -4 + 1 + -6. Let f(h) = 12*h - 3. Let l(k) = -13*k + 2. Let m(q) = g*l(q) - 3*f(q). What is the remainder when m(1) is divided by 6?
5
Let c(x) = x + 6. Let n be c(-8). What is the remainder when 228/9 + n/6 is divided by 9?
7
What is the remainder when 9 is divided by (8 - 6) + 4/1?
3
Let s = 39 + -34. What is the remainder when 24 is divided by s?
4
Let j = 3 - -15. Let r(i) = i**3 - 8*i**2 + 13*i + 4. What is the remainder when j is divided by r(6)?
8
What is the remainder when 52/3 + (-5)/15 is divided by 7?
3
What is the remainder when (1/(-2))/((-2)/436) is divided by 11?
10
Let r = -2 - -2. Let b be 0*(r - (-3)/6). Suppose 26 = s + 5*c, b = 4*s - 5*c + 2*c - 127. What is the remainder when s is divided by 11?
9
Let h be (13 - 3)*4/8. Suppose -10*p + 30 = -h*p. What is the remainder when 21 is divided by p?
3
Calculate the remainder when 94 is divided by ((-582)/5)/(-6) - 10/25.
18
Let z(t) = t**2 - 8*t - 3. Let i(d) = d - 1. Let k(y) = -y - 7. Let g be k(-6). Let w(a) = g*z(a) - 2*i(a). Calculate the remainder when w(6) is divided by 4.
1
Let l(